{"id":747,"date":"2019-06-25T09:12:49","date_gmt":"2019-06-25T09:12:49","guid":{"rendered":"https:\/\/www.revival.es\/?page_id=747"},"modified":"2024-08-09T09:12:08","modified_gmt":"2024-08-09T09:12:08","slug":"nosotros","status":"publish","type":"page","link":"https:\/\/www.revival.es\/es\/nosotros\/","title":{"rendered":"Nosotros"},"content":{"rendered":"<div class=\"wpb-content-wrapper\"><p>[vc_row css_animation=\u00bb\u00bb row_type=\u00bbrow\u00bb use_row_as_full_screen_section=\u00bbno\u00bb type=\u00bbfull_width\u00bb angled_section=\u00bbno\u00bb text_align=\u00bbleft\u00bb background_image_as_pattern=\u00bbwithout_pattern\u00bb z_index=\u00bb\u00bb css=\u00bb.vc_custom_1599748771177{background-color: #fafafa !important;background-position: center !important;background-repeat: no-repeat !important;background-size: cover !important;}\u00bb][vc_column offset=\u00bbvc_col-lg-12 vc_col-md-12&#8243;][vc_row_inner row_type=\u00bbrow\u00bb type=\u00bbgrid\u00bb text_align=\u00bbleft\u00bb css_animation=\u00bb\u00bb][vc_column_inner][vc_empty_space height=\u00bb40px\u00bb][vc_column_text]<\/p>\n<h4 style=\"text-align: left;\">Desde 1996 ofreciendo nuestra experiencia en reacondicionamiento de superyates, yates, veleros, aviones, coches y todo tipo de servicios de dise\u00f1o de interiores y exteriores a medida: tapicer\u00eda, revestimientos, toldos, cortinas, persianas, alfombras, suelos, dise\u00f1o y mobiliario del hogar. <span style=\"font-weight: 300;\">Nos enorgullece decir que nuestro trabajo est\u00e1 en algunos de los buques m\u00e1s prestigiosos y admirados del mundo.<\/span><\/h4>\n<p>[\/vc_column_text][vc_empty_space height=\u00bb85px\u00bb el_class=\u00bbvc_hidden-sm vc_hidden-xs\u00bb][vc_empty_space height=\u00bb30px\u00bb el_class=\u00bbvc_hidden-lg vc_hidden-md\u00bb][\/vc_column_inner][\/vc_row_inner][\/vc_column][\/vc_row][vc_row css_animation=\u00bb\u00bb row_type=\u00bbrow\u00bb use_row_as_full_screen_section=\u00bbno\u00bb type=\u00bbgrid\u00bb angled_section=\u00bbno\u00bb text_align=\u00bbleft\u00bb background_image_as_pattern=\u00bbwithout_pattern\u00bb z_index=\u00bb\u00bb css=\u00bb.vc_custom_1599749077112{background-color: #fafafa !important;}\u00bb][vc_column][qode_elements_holder number_of_columns=\u00bbtwo_columns\u00bb][qode_elements_holder_item vertical_alignment=\u00bbmiddle\u00bb advanced_animations=\u00bbno\u00bb item_padding_1024_1280=\u00bb0&#8243; item_padding_768_1024=\u00bb0&#8243; item_padding_600_768=\u00bb0&#8243; item_padding_480_600=\u00bb0&#8243; item_padding_480=\u00bb0&#8243;][vc_gallery type=\u00bbflexslider_slide\u00bb interval=\u00bb3&#8243; images=\u00bb760,749,750,751,752&#8243; img_size=\u00bbfull\u00bb direction_nav=\u00bbyes\u00bb control_nav=\u00bbno\u00bb css=\u00bb.vc_custom_1567955871419{margin-bottom: -60px !important;}\u00bb][\/qode_elements_holder_item][qode_elements_holder_item vertical_alignment=\u00bbmiddle\u00bb advanced_animations=\u00bbno\u00bb background_color=\u00bb#fafafa\u00bb item_padding=\u00bb6% 8% 10% 8%\u00bb item_padding_1024_1280=\u00bb18% 17%\u00bb item_padding_768_1024=\u00bb16% 18%\u00bb item_padding_600_768=\u00bb18% 27%\u00bb item_padding_480_600=\u00bb16% 20%\u00bb item_padding_480=\u00bb14%\u00bb][vc_column_text]<\/p>\n<h2>Nuestras Instalaciones<\/h2>\n<p>[\/vc_column_text][vc_empty_space height=\u00bb10px\u00bb][vc_column_text]Nuestra principal f\u00e1brica de 2000 m2 en Santa Ponsa, Mallorca, alberga un equipo de expertos artesanos en un taller que est\u00e1 construido y actualizado, lo que nos permite producir un trabajo de la mejor calidad.[\/vc_column_text][\/qode_elements_holder_item][\/qode_elements_holder][qode_elements_holder number_of_columns=\u00bbtwo_columns\u00bb][qode_elements_holder_item vertical_alignment=\u00bbmiddle\u00bb advanced_animations=\u00bbno\u00bb background_color=\u00bb#fafafa\u00bb item_padding=\u00bb10% 8%\u00bb item_padding_1024_1280=\u00bb18% 17%\u00bb item_padding_768_1024=\u00bb16% 18%\u00bb item_padding_600_768=\u00bb18% 27%\u00bb item_padding_480_600=\u00bb16% 20%\u00bb item_padding_480=\u00bb14%\u00bb][vc_column_text]<\/p>\n<h2>El Equipo<\/h2>\n<p>[\/vc_column_text][vc_empty_space height=\u00bb10px\u00bb][vc_column_text]<span style=\"font-weight: 500;\">Estamos muy orgullosos de nuestro equipo. Algunos miembros han estado con nosotros desde que comenzamos en 1996.<\/span>Hemos reunido a un equipo de dise\u00f1adores profesionales, jefes de proyecto, tapiceros, costureras, carpinteros y alfombristas que permite llevar a cabo grandes proyectos de prestigio. La instalaci\u00f3n y reequipamiento se puede hacer en cualquier parte del mundo.[\/vc_column_text][vc_empty_space height=\u00bb25px\u00bb][\/qode_elements_holder_item][qode_elements_holder_item vertical_alignment=\u00bbtop\u00bb advanced_animations=\u00bbno\u00bb item_padding_1024_1280=\u00bb0&#8243; item_padding_768_1024=\u00bb0&#8243; item_padding_600_768=\u00bb0&#8243; item_padding_480_600=\u00bb0&#8243; item_padding_480=\u00bb0&#8243;][vc_gallery type=\u00bbflexslider_slide\u00bb interval=\u00bb3&#8243; images=\u00bb753,754,755,756,757&#8243; img_size=\u00bbfull\u00bb direction_nav=\u00bbyes\u00bb control_nav=\u00bbno\u00bb css=\u00bb.vc_custom_1555166376150{margin-bottom: -60px !important;}\u00bb][\/qode_elements_holder_item][\/qode_elements_holder][vc_empty_space height=\u00bb80px\u00bb el_class=\u00bbvc_hidden-sm vc_hidden-xs\u00bb][vc_empty_space height=\u00bb30px\u00bb el_class=\u00bbvc_hidden-lg vc_hidden-md\u00bb][\/vc_column][\/vc_row]<\/p>\n<\/div>","protected":false},"excerpt":{"rendered":"<p>[vc_row css_animation=\u00bb\u00bb row_type=\u00bbrow\u00bb use_row_as_full_screen_section=\u00bbno\u00bb type=\u00bbfull_width\u00bb angled_section=\u00bbno\u00bb text_align=\u00bbleft\u00bb background_image_as_pattern=\u00bbwithout_pattern\u00bb z_index=\u00bb\u00bb css=\u00bb.vc_custom_1599748771177{background-color: #fafafa !important;background-position: center !important;background-repeat: no-repeat !important;background-size: cover !important;}\u00bb][vc_column offset=\u00bbvc_col-lg-12 vc_col-md-12&#8243;][vc_row_inner row_type=\u00bbrow\u00bb type=\u00bbgrid\u00bb text_align=\u00bbleft\u00bb css_animation=\u00bb\u00bb][vc_column_inner][vc_empty_space height=\u00bb40px\u00bb][vc_column_text] Desde 1996 ofreciendo nuestra experiencia en reacondicionamiento de superyates, yates, veleros, aviones, coches y todo tipo de servicios de dise\u00f1o de interiores y exteriores a medida: tapicer\u00eda, revestimientos, toldos, cortinas, persianas, alfombras, suelos, dise\u00f1o y mobiliario del hogar. Nos enorgullece decir que nuestro trabajo est\u00e1 en algunos de los buques m\u00e1s prestigiosos y admirados del mundo. [\/vc_column_text][vc_empty_space height=\u00bb85px\u00bb el_class=\u00bbvc_hidden-sm vc_hidden-xs\u00bb][vc_empty_space height=\u00bb30px\u00bb el_class=\u00bbvc_hidden-lg vc_hidden-md\u00bb][\/vc_column_inner][\/vc_row_inner][\/vc_column][\/vc_row][vc_row css_animation=\u00bb\u00bb row_type=\u00bbrow\u00bb use_row_as_full_screen_section=\u00bbno\u00bb type=\u00bbgrid\u00bb angled_section=\u00bbno\u00bb text_align=\u00bbleft\u00bb background_image_as_pattern=\u00bbwithout_pattern\u00bb z_index=\u00bb\u00bb css=\u00bb.vc_custom_1599749077112{background-color: #fafafa !important;}\u00bb][vc_column][qode_elements_holder number_of_columns=\u00bbtwo_columns\u00bb][qode_elements_holder_item vertical_alignment=\u00bbmiddle\u00bb advanced_animations=\u00bbno\u00bb item_padding_1024_1280=\u00bb0&#8243; item_padding_768_1024=\u00bb0&#8243; item_padding_600_768=\u00bb0&#8243; item_padding_480_600=\u00bb0&#8243; item_padding_480=\u00bb0&#8243;][vc_gallery type=\u00bbflexslider_slide\u00bb interval=\u00bb3&#8243; images=\u00bb760,749,750,751,752&#8243; img_size=\u00bbfull\u00bb direction_nav=\u00bbyes\u00bb control_nav=\u00bbno\u00bb css=\u00bb.vc_custom_1567955871419{margin-bottom: -60px !important;}\u00bb][\/qode_elements_holder_item][qode_elements_holder_item vertical_alignment=\u00bbmiddle\u00bb advanced_animations=\u00bbno\u00bb background_color=\u00bb#fafafa\u00bb item_padding=\u00bb6% 8% 10% 8%\u00bb item_padding_1024_1280=\u00bb18% 17%\u00bb item_padding_768_1024=\u00bb16% 18%\u00bb item_padding_600_768=\u00bb18% 27%\u00bb item_padding_480_600=\u00bb16% 20%\u00bb item_padding_480=\u00bb14%\u00bb][vc_column_text] Nuestras Instalaciones [\/vc_column_text][vc_empty_space height=\u00bb10px\u00bb][vc_column_text]Nuestra principal f\u00e1brica de 2000 m2 en Santa Ponsa,&#8230;<\/p>\n","protected":false},"author":1,"featured_media":0,"parent":0,"menu_order":1,"comment_status":"closed","ping_status":"closed","template":"full_width.php","meta":{"_joinchat":[],"footnotes":""},"yst_prominent_words":[320,406,319,404,405],"class_list":["post-747","page","type-page","status-publish","hentry"],"_links":{"self":[{"href":"https:\/\/www.revival.es\/es\/wp-json\/wp\/v2\/pages\/747","targetHints":{"allow":["GET"]}}],"collection":[{"href":"https:\/\/www.revival.es\/es\/wp-json\/wp\/v2\/pages"}],"about":[{"href":"https:\/\/www.revival.es\/es\/wp-json\/wp\/v2\/types\/page"}],"author":[{"embeddable":true,"href":"https:\/\/www.revival.es\/es\/wp-json\/wp\/v2\/users\/1"}],"replies":[{"embeddable":true,"href":"https:\/\/www.revival.es\/es\/wp-json\/wp\/v2\/comments?post=747"}],"version-history":[{"count":3,"href":"https:\/\/www.revival.es\/es\/wp-json\/wp\/v2\/pages\/747\/revisions"}],"predecessor-version":[{"id":2028,"href":"https:\/\/www.revival.es\/es\/wp-json\/wp\/v2\/pages\/747\/revisions\/2028"}],"wp:attachment":[{"href":"https:\/\/www.revival.es\/es\/wp-json\/wp\/v2\/media?parent=747"}],"wp:term":[{"taxonomy":"yst_prominent_words","embeddable":true,"href":"https:\/\/www.revival.es\/es\/wp-json\/wp\/v2\/yst_prominent_words?post=747"}],"curies":[{"name":"wp","href":"https:\/\/api.w.org\/{rel}","templated":true}]}}

<div class="wpb-content-wrapper"><p>[vc_row css_animation=»» row_type=»row» use_row_as_full_screen_section=»no» type=»full_width» angled_section=»no» text_align=»left» background_image_as_pattern=»without_pattern» z_index=»» css=».vc_custom_1599748771177{background-color: #fafafa !important;background-position: center !important;background-repeat: no-repeat !important;background-size: cover !important;}»][vc_column offset=»vc_col-lg-12 vc_col-md-12&#8243;][vc_row_inner row_type=»row» type=»grid» text_align=»left» css_animation=»»][vc_column_inner][vc_empty_space height=»40px»][vc_column_text]</p>
<h4 style="text-align: left;">Desde 1996 ofreciendo nuestra experiencia en reacondicionamiento de superyates, yates, veleros, aviones, coches y todo tipo de servicios de diseño de interiores y exteriores a medida: tapicería, revestimientos, toldos, cortinas, persianas, alfombras, suelos, diseño y mobiliario del hogar. <span style="font-weight: 300;">Nos enorgullece decir que nuestro trabajo está en algunos de los buques más prestigiosos y admirados del mundo.</span></h4>
<p>[/vc_column_text][vc_empty_space height=»85px» el_class=»vc_hidden-sm vc_hidden-xs»][vc_empty_space height=»30px» el_class=»vc_hidden-lg vc_hidden-md»][/vc_column_inner][/vc_row_inner][/vc_column][/vc_row][vc_row css_animation=»» row_type=»row» use_row_as_full_screen_section=»no» type=»grid» angled_section=»no» text_align=»left» background_image_as_pattern=»without_pattern» z_index=»» css=».vc_custom_1599749077112{background-color: #fafafa !important;}»][vc_column][qode_elements_holder number_of_columns=»two_columns»][qode_elements_holder_item vertical_alignment=»middle» advanced_animations=»no» item_padding_1024_1280=»0&#8243; item_padding_768_1024=»0&#8243; item_padding_600_768=»0&#8243; item_padding_480_600=»0&#8243; item_padding_480=»0&#8243;][vc_gallery type=»flexslider_slide» interval=»3&#8243; images=»760,749,750,751,752&#8243; img_size=»full» direction_nav=»yes» control_nav=»no» css=».vc_custom_1567955871419{margin-bottom: -60px !important;}»][/qode_elements_holder_item][qode_elements_holder_item vertical_alignment=»middle» advanced_animations=»no» background_color=»#fafafa» item_padding=»6% 8% 10% 8%» item_padding_1024_1280=»18% 17%» item_padding_768_1024=»16% 18%» item_padding_600_768=»18% 27%» item_padding_480_600=»16% 20%» item_padding_480=»14%»][vc_column_text]</p>
<h2>Nuestras Instalaciones</h2>
<p>[/vc_column_text][vc_empty_space height=»10px»][vc_column_text]Nuestra principal fábrica de 2000 m2 en Santa Ponsa, Mallorca, alberga un equipo de expertos artesanos en un taller que está construido y actualizado, lo que nos permite producir un trabajo de la mejor calidad.[/vc_column_text][/qode_elements_holder_item][/qode_elements_holder][qode_elements_holder number_of_columns=»two_columns»][qode_elements_holder_item vertical_alignment=»middle» advanced_animations=»no» background_color=»#fafafa» item_padding=»10% 8%» item_padding_1024_1280=»18% 17%» item_padding_768_1024=»16% 18%» item_padding_600_768=»18% 27%» item_padding_480_600=»16% 20%» item_padding_480=»14%»][vc_column_text]</p>
<h2>El Equipo</h2>
<p>[/vc_column_text][vc_empty_space height=»10px»][vc_column_text]<span style="font-weight: 500;">Estamos muy orgullosos de nuestro equipo. Algunos miembros han estado con nosotros desde que comenzamos en 1996.</span>Hemos reunido a un equipo de diseñadores profesionales, jefes de proyecto, tapiceros, costureras, carpinteros y alfombristas que permite llevar a cabo grandes proyectos de prestigio. La instalación y reequipamiento se puede hacer en cualquier parte del mundo.[/vc_column_text][vc_empty_space height=»25px»][/qode_elements_holder_item][qode_elements_holder_item vertical_alignment=»top» advanced_animations=»no» item_padding_1024_1280=»0&#8243; item_padding_768_1024=»0&#8243; item_padding_600_768=»0&#8243; item_padding_480_600=»0&#8243; item_padding_480=»0&#8243;][vc_gallery type=»flexslider_slide» interval=»3&#8243; images=»753,754,755,756,757&#8243; img_size=»full» direction_nav=»yes» control_nav=»no» css=».vc_custom_1555166376150{margin-bottom: -60px !important;}»][/qode_elements_holder_item][/qode_elements_holder][vc_empty_space height=»80px» el_class=»vc_hidden-sm vc_hidden-xs»][vc_empty_space height=»30px» el_class=»vc_hidden-lg vc_hidden-md»][/vc_column][/vc_row]</p>
</div>

<p>[vc_row css_animation=»» row_type=»row» use_row_as_full_screen_section=»no» type=»full_width» angled_section=»no» text_align=»left» background_image_as_pattern=»without_pattern» z_index=»» css=».vc_custom_1599748771177{background-color: #fafafa !important;background-position: center !important;background-repeat: no-repeat !important;background-size: cover !important;}»][vc_column offset=»vc_col-lg-12 vc_col-md-12&#8243;][vc_row_inner row_type=»row» type=»grid» text_align=»left» css_animation=»»][vc_column_inner][vc_empty_space height=»40px»][vc_column_text] Desde 1996 ofreciendo nuestra experiencia en reacondicionamiento de superyates, yates, veleros, aviones, coches y todo tipo de servicios de diseño de interiores y exteriores a medida: tapicería, revestimientos, toldos, cortinas, persianas, alfombras, suelos, diseño y mobiliario del hogar. Nos enorgullece decir que nuestro trabajo está en algunos de los buques más prestigiosos y admirados del mundo. [/vc_column_text][vc_empty_space height=»85px» el_class=»vc_hidden-sm vc_hidden-xs»][vc_empty_space height=»30px» el_class=»vc_hidden-lg vc_hidden-md»][/vc_column_inner][/vc_row_inner][/vc_column][/vc_row][vc_row css_animation=»» row_type=»row» use_row_as_full_screen_section=»no» type=»grid» angled_section=»no» text_align=»left» background_image_as_pattern=»without_pattern» z_index=»» css=».vc_custom_1599749077112{background-color: #fafafa !important;}»][vc_column][qode_elements_holder number_of_columns=»two_columns»][qode_elements_holder_item vertical_alignment=»middle» advanced_animations=»no» item_padding_1024_1280=»0&#8243; item_padding_768_1024=»0&#8243; item_padding_600_768=»0&#8243; item_padding_480_600=»0&#8243; item_padding_480=»0&#8243;][vc_gallery type=»flexslider_slide» interval=»3&#8243; images=»760,749,750,751,752&#8243; img_size=»full» direction_nav=»yes» control_nav=»no» css=».vc_custom_1567955871419{margin-bottom: -60px !important;}»][/qode_elements_holder_item][qode_elements_holder_item vertical_alignment=»middle» advanced_animations=»no» background_color=»#fafafa» item_padding=»6% 8% 10% 8%» item_padding_1024_1280=»18% 17%» item_padding_768_1024=»16% 18%» item_padding_600_768=»18% 27%» item_padding_480_600=»16% 20%» item_padding_480=»14%»][vc_column_text] Nuestras Instalaciones [/vc_column_text][vc_empty_space height=»10px»][vc_column_text]Nuestra principal fábrica de 2000 m2 en Santa Ponsa,&#8230;</p>
