{"id":798,"date":"2019-06-25T10:04:27","date_gmt":"2019-06-25T10:04:27","guid":{"rendered":"https:\/\/www.revival.es\/?page_id=798"},"modified":"2020-10-26T16:19:15","modified_gmt":"2020-10-26T16:19:15","slug":"servicios-para-casas-y-villas","status":"publish","type":"page","link":"https:\/\/www.revival.es\/es\/servicios\/servicios-para-casas-y-villas\/","title":{"rendered":"Servicios para casas y villas"},"content":{"rendered":"<div class=\"wpb-content-wrapper\"><p>[vc_row css_animation=\u00bb\u00bb row_type=\u00bbrow\u00bb use_row_as_full_screen_section=\u00bbno\u00bb type=\u00bbgrid\u00bb angled_section=\u00bbno\u00bb text_align=\u00bbleft\u00bb background_image_as_pattern=\u00bbwithout_pattern\u00bb z_index=\u00bb\u00bb css=\u00bb.vc_custom_1555169029150{padding-bottom: 40px !important;background-color: #fafafa !important;}\u00bb][vc_column][vc_empty_space height=\u00bb40px\u00bb][vc_column_text]<\/p>\n<h4>Desde 1996 nos dedicamos al dise\u00f1o de interiores de casas, especializ\u00e1ndonos en decoraci\u00f3n de interiores en Mallorca y exteriores. Enriquecemos los espacios, convirti\u00e9ndolos en \u00fanicos para que sean especiales, siguiendo las \u00faltimas tendencias.<\/h4>\n<p>[\/vc_column_text][vc_empty_space height=\u00bb70px\u00bb][vc_row_inner row_type=\u00bbrow\u00bb type=\u00bbfull_width\u00bb text_align=\u00bbleft\u00bb css_animation=\u00bb\u00bb][vc_column_inner width=\u00bb1\/3&#8243;]<div class=\"qode-info-card\">\n\t\t\t<div class=\"qode-info-card-image\" style=\"background-color:#fff\">\n\t\t\t<img decoding=\"async\" src=\"https:\/\/www.revival.es\/wp-content\/uploads\/2020\/09\/revival-mallorca-homes-upholstery.jpg\" alt=\"\" \/>\n\t\t<\/div>\n\t\t<div class=\"qode-info-card-text-holder\" style=\"background-color:#fff\">\n\t\t\t\t\t<h4 class=\"qode-info-card-title\" >\n\t\t\t\tTapicer\u00eda\t\t\t<\/h4>\n\t\t\t\t\t\t\t<p class=\"qode-info-card-text\" >\n\t\t\t\tCreamos las telas que visten el hogar, usando tejidos de gran calidad, para muebles de interior o exterior. Nos dedicamos a la fabricaci\u00f3n, reparaci\u00f3n, mantenimiento y revestimiento de mobiliario del hogar.\t\t\t<\/p>\n\t\t\t<\/div>\n\t<\/div>[vc_empty_space][\/vc_column_inner][vc_column_inner width=\u00bb1\/3&#8243;]<div class=\"qode-info-card\">\n\t\t\t<div class=\"qode-info-card-image\" style=\"background-color:#fff\">\n\t\t\t<img decoding=\"async\" src=\"https:\/\/www.revival.es\/wp-content\/uploads\/2019\/04\/revival-mallorca-villas-awning.jpg\" alt=\"\" \/>\n\t\t<\/div>\n\t\t<div class=\"qode-info-card-text-holder\" style=\"background-color:#fff\">\n\t\t\t\t\t<h4 class=\"qode-info-card-title\" >\n\t\t\t\tFundas y toldos\t\t\t<\/h4>\n\t\t\t\t\t\t\t<p class=\"qode-info-card-text\" >\n\t\t\t\tFundas hechas con productos espec\u00edficos para proteger de los rayos del sol y de la humedad el mobiliario exterior. Nos diferenciamos de la competencia por la calidad que ofrecemos en toldos, sombrillas, y telas de protecci\u00f3n.\t\t\t<\/p>\n\t\t\t<\/div>\n\t<\/div>[vc_empty_space][\/vc_column_inner][vc_column_inner width=\u00bb1\/3&#8243;]<div class=\"qode-info-card\">\n\t\t\t<div class=\"qode-info-card-image\" style=\"background-color:#fff\">\n\t\t\t<img decoding=\"async\" src=\"https:\/\/www.revival.es\/wp-content\/uploads\/2020\/10\/revival-mallorca-villas-carpets-2020.jpg\" alt=\"\" \/>\n\t\t<\/div>\n\t\t<div class=\"qode-info-card-text-holder\" style=\"background-color:#fff\">\n\t\t\t\t\t<h4 class=\"qode-info-card-title\" >\n\t\t\t\tMoquetas\t\t\t<\/h4>\n\t\t\t\t\t\t\t<p class=\"qode-info-card-text\" >\n\t\t\t\tRealizamos moquetas y alfombras a medida para hogares, que aseguran la protecci\u00f3n y fiabilidad de la mejora del confort en la vivienda. Desde alfombras modulares, carpetas, de escalera, antideslizantes\u2026\t\t\t<\/p>\n\t\t\t<\/div>\n\t<\/div>[vc_empty_space][\/vc_column_inner][\/vc_row_inner][vc_row_inner row_type=\u00bbrow\u00bb type=\u00bbfull_width\u00bb text_align=\u00bbleft\u00bb css_animation=\u00bb\u00bb css=\u00bb.vc_custom_1555168887344{padding-top: 30px !important;}\u00bb][vc_column_inner width=\u00bb1\/3&#8243;]<div class=\"qode-info-card\">\n\t\t\t<div class=\"qode-info-card-image\" style=\"background-color:#fff\">\n\t\t\t<img decoding=\"async\" src=\"https:\/\/www.revival.es\/wp-content\/uploads\/2020\/10\/revival-mallorca-villas-decoration-2020.jpg\" alt=\"\" \/>\n\t\t<\/div>\n\t\t<div class=\"qode-info-card-text-holder\" style=\"background-color:#fff\">\n\t\t\t\t\t<h4 class=\"qode-info-card-title\" >\n\t\t\t\tDecoraci\u00f3n Textil\t\t\t<\/h4>\n\t\t\t\t\t\t\t<p class=\"qode-info-card-text\" >\n\t\t\t\tUsamos los mejores materiales para confeccionar mobiliario textil de calidad a medida, mimando cada detalle durante el proceso de cada producto. Cortinas, estores, toldos, ropa de cama, cojines, toallas, bordados\u2026\t\t\t<\/p>\n\t\t\t<\/div>\n\t<\/div>[vc_empty_space][\/vc_column_inner][vc_column_inner width=\u00bb1\/3&#8243;]<div class=\"qode-info-card\">\n\t\t\t<div class=\"qode-info-card-image\" style=\"background-color:#fff\">\n\t\t\t<img decoding=\"async\" src=\"https:\/\/www.revival.es\/wp-content\/uploads\/2019\/04\/revival-mallorca-villas-design.jpg\" alt=\"\" \/>\n\t\t<\/div>\n\t\t<div class=\"qode-info-card-text-holder\" style=\"background-color:#fff\">\n\t\t\t\t\t<h4 class=\"qode-info-card-title\" >\n\t\t\t\tDise\u00f1o\t\t\t<\/h4>\n\t\t\t\t\t\t\t<p class=\"qode-info-card-text\" >\n\t\t\t\tRealizamos proyectos de interiorismo para casas. Somos expertos en dise\u00f1o de interiores y exteriores. Estudios de color, iluminaci\u00f3n, posici\u00f3n, muestrarios\u2026 Creamos espacios totalmente personalizados.\t\t\t<\/p>\n\t\t\t<\/div>\n\t<\/div>[vc_empty_space][\/vc_column_inner][\/vc_row_inner][\/vc_column][\/vc_row]<\/p>\n<\/div>","protected":false},"excerpt":{"rendered":"<p>[vc_row css_animation=\u00bb\u00bb row_type=\u00bbrow\u00bb use_row_as_full_screen_section=\u00bbno\u00bb type=\u00bbgrid\u00bb angled_section=\u00bbno\u00bb text_align=\u00bbleft\u00bb background_image_as_pattern=\u00bbwithout_pattern\u00bb z_index=\u00bb\u00bb css=\u00bb.vc_custom_1555169029150{padding-bottom: 40px !important;background-color: #fafafa !important;}\u00bb][vc_column][vc_empty_space height=\u00bb40px\u00bb][vc_column_text] Desde 1996 nos dedicamos al dise\u00f1o de interiores de casas, especializ\u00e1ndonos en decoraci\u00f3n de interiores en Mallorca y exteriores. Enriquecemos los espacios, convirti\u00e9ndolos en \u00fanicos para que sean especiales, siguiendo las \u00faltimas tendencias. [\/vc_column_text][vc_empty_space height=\u00bb70px\u00bb][vc_row_inner row_type=\u00bbrow\u00bb type=\u00bbfull_width\u00bb text_align=\u00bbleft\u00bb css_animation=\u00bb\u00bb][vc_column_inner width=\u00bb1\/3&#8243;][vc_empty_space][\/vc_column_inner][vc_column_inner width=\u00bb1\/3&#8243;][vc_empty_space][\/vc_column_inner][vc_column_inner width=\u00bb1\/3&#8243;][vc_empty_space][\/vc_column_inner][\/vc_row_inner][vc_row_inner row_type=\u00bbrow\u00bb type=\u00bbfull_width\u00bb text_align=\u00bbleft\u00bb css_animation=\u00bb\u00bb css=\u00bb.vc_custom_1555168887344{padding-top: 30px !important;}\u00bb][vc_column_inner width=\u00bb1\/3&#8243;][vc_empty_space][\/vc_column_inner][vc_column_inner width=\u00bb1\/3&#8243;][vc_empty_space][\/vc_column_inner][\/vc_row_inner][\/vc_column][\/vc_row]<\/p>\n","protected":false},"author":1,"featured_media":0,"parent":779,"menu_order":15,"comment_status":"closed","ping_status":"closed","template":"full_width.php","meta":{"_joinchat":[],"footnotes":""},"yst_prominent_words":[320,361,406,319,405,363],"class_list":["post-798","page","type-page","status-publish","hentry"],"_links":{"self":[{"href":"https:\/\/www.revival.es\/es\/wp-json\/wp\/v2\/pages\/798","targetHints":{"allow":["GET"]}}],"collection":[{"href":"https:\/\/www.revival.es\/es\/wp-json\/wp\/v2\/pages"}],"about":[{"href":"https:\/\/www.revival.es\/es\/wp-json\/wp\/v2\/types\/page"}],"author":[{"embeddable":true,"href":"https:\/\/www.revival.es\/es\/wp-json\/wp\/v2\/users\/1"}],"replies":[{"embeddable":true,"href":"https:\/\/www.revival.es\/es\/wp-json\/wp\/v2\/comments?post=798"}],"version-history":[{"count":0,"href":"https:\/\/www.revival.es\/es\/wp-json\/wp\/v2\/pages\/798\/revisions"}],"up":[{"embeddable":true,"href":"https:\/\/www.revival.es\/es\/wp-json\/wp\/v2\/pages\/779"}],"wp:attachment":[{"href":"https:\/\/www.revival.es\/es\/wp-json\/wp\/v2\/media?parent=798"}],"wp:term":[{"taxonomy":"yst_prominent_words","embeddable":true,"href":"https:\/\/www.revival.es\/es\/wp-json\/wp\/v2\/yst_prominent_words?post=798"}],"curies":[{"name":"wp","href":"https:\/\/api.w.org\/{rel}","templated":true}]}}

<div class="wpb-content-wrapper"><p>[vc_row css_animation=»» row_type=»row» use_row_as_full_screen_section=»no» type=»grid» angled_section=»no» text_align=»left» background_image_as_pattern=»without_pattern» z_index=»» css=».vc_custom_1555169029150{padding-bottom: 40px !important;background-color: #fafafa !important;}»][vc_column][vc_empty_space height=»40px»][vc_column_text]</p>
<h4>Desde 1996 nos dedicamos al diseño de interiores de casas, especializándonos en decoración de interiores en Mallorca y exteriores. Enriquecemos los espacios, convirtiéndolos en únicos para que sean especiales, siguiendo las últimas tendencias.</h4>
<p>[/vc_column_text][vc_empty_space height=»70px»][vc_row_inner row_type=»row» type=»full_width» text_align=»left» css_animation=»»][vc_column_inner width=»1/3&#8243;]<div class="qode-info-card">
			<div class="qode-info-card-image" style="background-color:#fff">
			<img decoding="async" src="https://www.revival.es/wp-content/uploads/2020/09/revival-mallorca-homes-upholstery.jpg" alt="" />
		</div>
		<div class="qode-info-card-text-holder" style="background-color:#fff">
					<h4 class="qode-info-card-title" >
				Tapicería			</h4>
							<p class="qode-info-card-text" >
				Creamos las telas que visten el hogar, usando tejidos de gran calidad, para muebles de interior o exterior. Nos dedicamos a la fabricación, reparación, mantenimiento y revestimiento de mobiliario del hogar.			</p>
			</div>
	</div>[vc_empty_space][/vc_column_inner][vc_column_inner width=»1/3&#8243;]<div class="qode-info-card">
			<div class="qode-info-card-image" style="background-color:#fff">
			<img decoding="async" src="https://www.revival.es/wp-content/uploads/2019/04/revival-mallorca-villas-awning.jpg" alt="" />
		</div>
		<div class="qode-info-card-text-holder" style="background-color:#fff">
					<h4 class="qode-info-card-title" >
				Fundas y toldos			</h4>
							<p class="qode-info-card-text" >
				Fundas hechas con productos específicos para proteger de los rayos del sol y de la humedad el mobiliario exterior. Nos diferenciamos de la competencia por la calidad que ofrecemos en toldos, sombrillas, y telas de protección.			</p>
			</div>
	</div>[vc_empty_space][/vc_column_inner][vc_column_inner width=»1/3&#8243;]<div class="qode-info-card">
			<div class="qode-info-card-image" style="background-color:#fff">
			<img decoding="async" src="https://www.revival.es/wp-content/uploads/2020/10/revival-mallorca-villas-carpets-2020.jpg" alt="" />
		</div>
		<div class="qode-info-card-text-holder" style="background-color:#fff">
					<h4 class="qode-info-card-title" >
				Moquetas			</h4>
							<p class="qode-info-card-text" >
				Realizamos moquetas y alfombras a medida para hogares, que aseguran la protección y fiabilidad de la mejora del confort en la vivienda. Desde alfombras modulares, carpetas, de escalera, antideslizantes…			</p>
			</div>
	</div>[vc_empty_space][/vc_column_inner][/vc_row_inner][vc_row_inner row_type=»row» type=»full_width» text_align=»left» css_animation=»» css=».vc_custom_1555168887344{padding-top: 30px !important;}»][vc_column_inner width=»1/3&#8243;]<div class="qode-info-card">
			<div class="qode-info-card-image" style="background-color:#fff">
			<img decoding="async" src="https://www.revival.es/wp-content/uploads/2020/10/revival-mallorca-villas-decoration-2020.jpg" alt="" />
		</div>
		<div class="qode-info-card-text-holder" style="background-color:#fff">
					<h4 class="qode-info-card-title" >
				Decoración Textil			</h4>
							<p class="qode-info-card-text" >
				Usamos los mejores materiales para confeccionar mobiliario textil de calidad a medida, mimando cada detalle durante el proceso de cada producto. Cortinas, estores, toldos, ropa de cama, cojines, toallas, bordados…			</p>
			</div>
	</div>[vc_empty_space][/vc_column_inner][vc_column_inner width=»1/3&#8243;]<div class="qode-info-card">
			<div class="qode-info-card-image" style="background-color:#fff">
			<img decoding="async" src="https://www.revival.es/wp-content/uploads/2019/04/revival-mallorca-villas-design.jpg" alt="" />
		</div>
		<div class="qode-info-card-text-holder" style="background-color:#fff">
					<h4 class="qode-info-card-title" >
				Diseño			</h4>
							<p class="qode-info-card-text" >
				Realizamos proyectos de interiorismo para casas. Somos expertos en diseño de interiores y exteriores. Estudios de color, iluminación, posición, muestrarios… Creamos espacios totalmente personalizados.			</p>
			</div>
	</div>[vc_empty_space][/vc_column_inner][/vc_row_inner][/vc_column][/vc_row]</p>
</div>

<p>[vc_row css_animation=»» row_type=»row» use_row_as_full_screen_section=»no» type=»grid» angled_section=»no» text_align=»left» background_image_as_pattern=»without_pattern» z_index=»» css=».vc_custom_1555169029150{padding-bottom: 40px !important;background-color: #fafafa !important;}»][vc_column][vc_empty_space height=»40px»][vc_column_text] Desde 1996 nos dedicamos al diseño de interiores de casas, especializándonos en decoración de interiores en Mallorca y exteriores. Enriquecemos los espacios, convirtiéndolos en únicos para que sean especiales, siguiendo las últimas tendencias. [/vc_column_text][vc_empty_space height=»70px»][vc_row_inner row_type=»row» type=»full_width» text_align=»left» css_animation=»»][vc_column_inner width=»1/3&#8243;][vc_empty_space][/vc_column_inner][vc_column_inner width=»1/3&#8243;][vc_empty_space][/vc_column_inner][vc_column_inner width=»1/3&#8243;][vc_empty_space][/vc_column_inner][/vc_row_inner][vc_row_inner row_type=»row» type=»full_width» text_align=»left» css_animation=»» css=».vc_custom_1555168887344{padding-top: 30px !important;}»][vc_column_inner width=»1/3&#8243;][vc_empty_space][/vc_column_inner][vc_column_inner width=»1/3&#8243;][vc_empty_space][/vc_column_inner][/vc_row_inner][/vc_column][/vc_row]</p>
